{"id":1917,"date":"2023-12-13T12:30:29","date_gmt":"2023-12-13T11:30:29","guid":{"rendered":"https:\/\/skinsolution.imperit.pl\/for-you\/produkt\/quasix-cream\/"},"modified":"2026-03-04T10:16:34","modified_gmt":"2026-03-04T09:16:34","slug":"quasix-cream","status":"publish","type":"product","link":"https:\/\/skinsolution.pl\/for-you\/produkt\/quasix-cream\/","title":{"rendered":"QUASIX\u00ae Krem na zaczerwienienia do cery suchej 30 g"},"content":{"rendered":"<p>Krem QUASIX\u00ae od laboratorium LSI Silderma to specjalistyczny preparat, kt\u00f3ry wp\u0142ywa na redukcj\u0119 zmian tr\u0105dzikowych zar\u00f3wno w tr\u0105dziku pospolitym, jak i r\u00f3\u017cowatym.<br \/>\nPreparat QUASIX\u00ae w formie kremu przeznaczony jest dla os\u00f3b o cerze suchej i mieszanej z rumieniowymi, grudkowatymi i krostkowymi zmianami na twarzy.<br \/>\nQUASIX\u00ae nawil\u017ca sk\u00f3r\u0119, wzmacnia i uszczelnia naczynia krwiono\u015bne, zmniejszaj\u0105c ich widoczno\u015b\u0107. Wycisza rumie\u0144, \u0142agodzi podra\u017cnienia i wspomaga regeneracj\u0119 mikrouszkodze\u0144.<\/p>\n<p>Spos\u00f3b u\u017cycia<br \/>\nNiewielk\u0105 warstw\u0119 kremu nak\u0142adamy dwa razy dziennie na such\u0105 i oczyszczon\u0105 sk\u00f3r\u0119 twarzy. Na\u0142o\u017cenie makija\u017cu jest mo\u017cliwe po ca\u0142kowitym wch\u0142oni\u0119ciu si\u0119 preparatu w g\u0142\u0105b sk\u00f3ry.<\/p>\n<p>Sk\u0142adniki aktywne<br \/>\nUnikalne po\u0142\u0105czenie czterech naturalnych sk\u0142adnik\u00f3w aktywnych:<br \/>\nQuassia &#8211; wyci\u0105g z gorzkli w\u0142a\u015bciwa, jest silnym \u015brodkiem przeciwpasoz\u017cytniczym przeciwdrobnoustrojowym, przeciwzapalnym i antyoksydacyjnym<br \/>\nNikotynamid (witamina B3) wykazuje silne dzia\u0142anie hamuj\u0105ce ekspresj\u0119 cytokin prozapalnych, jak r\u00f3wnie\u017c aktywno\u015b\u0107 metaloproteinazy macierzy pozakom\u00f3rkowej i ekspresj\u0119 ICAM-1. Nikotynamin dzia\u0142a stabilizuj\u0105co na barier\u0119 ochronn\u0105 nask\u00f3rka poprzez:<br \/>\nograniczenie transepidermalnej utraty wody w sk\u00f3rze<br \/>\npopraw\u0119 poziomu nawil\u017cenia warstwy rogowej sk\u00f3ry<br \/>\nstymulowanie syntezy ceramid\u00f3w<br \/>\nGliceryna ro\u015blinnana &#8211; przyjazny dla sk\u00f3ry \u015brodek nawil\u017caj\u0105cy absorbuj\u0105cy wod\u0119 do wn\u0119trza sk\u00f3ry; pomaga utrzyma\u0107 r\u00f3wnowag\u0119 wodn\u0105 w macierzy pozakom\u00f3rkowej i wzmacnia barier\u0119 ochronn\u0105 sk\u00f3ry<br \/>\nSorbitol sk\u0142adnik na bazie cukru, pomaga utrzyma\u0107 odpowiedni poziom nawil\u017cenia sk\u00f3ry i zapobiega utracie wody<\/p>\n<p>Pojemno\u015b\u0107<br \/>\n30 ml<\/p>\n<p>Sk\u0142ad<br \/>\nWater (Aqua), Quassia Amara Wood Extract, Caprylic\/Capric Triglyceride, Coco- Caprylate\/Caprate, Glycerin, Cetearyl Isononanoate, Dicaprylyl Carbonate, Glyceryl Stearate, Niacinamide, Cetearyl Glucoside, Cetearyl Alcohol, Sqalane, Titanium Dioxide (Cl 77891), Xanthan Gum, Carrageenan (Chondrus Crispus), Dexydroacetic Acid, Benzyl Alcohol, Disodium EDTA, Ethylhexylglycerin, Chromium Oxide Green (Cl 77289).<\/p>\n","protected":false},"excerpt":{"rendered":"<p>Krem ochronny przeciw zaczerwienieniom dla sk\u00f3ry suchej i mieszanej<\/p>\n","protected":false},"featured_media":2882,"comment_status":"open","ping_status":"closed","template":"","meta":{"_acf_changed":false},"product_brand":[],"product_cat":[100],"product_tag":[],"class_list":{"0":"post-1917","1":"product","2":"type-product","3":"status-publish","4":"has-post-thumbnail","6":"product_cat-kosmeceutyki","8":"first","9":"instock","10":"taxable","11":"shipping-taxable","12":"purchasable","13":"product-type-simple"},"acf":[],"yoast_head":"<!-- This site is optimized with the Yoast SEO plugin v27.4 - https:\/\/yoast.com\/product\/yoast-seo-wordpress\/ -->\n<title>QUASIX\u00ae Krem na zaczerwienienia do cery suchej 30 g - SkinSolution - For You<\/title>\n<meta name=\"robots\" content=\"index, follow, max-snippet:-1, max-image-preview:large, max-video-preview:-1\" \/>\n<link rel=\"canonical\" href=\"https:\/\/skinsolution.pl\/for-you\/produkt\/quasix-cream\/\" \/>\n<meta property=\"og:locale\" content=\"pl_PL\" \/>\n<meta property=\"og:type\" content=\"article\" \/>\n<meta property=\"og:title\" content=\"QUASIX\u00ae Krem na zaczerwienienia do cery suchej 30 g - SkinSolution - For You\" \/>\n<meta property=\"og:description\" content=\"Krem ochronny przeciw zaczerwienieniom dla sk\u00f3ry suchej i mieszanej\" \/>\n<meta property=\"og:url\" content=\"https:\/\/skinsolution.pl\/for-you\/produkt\/quasix-cream\/\" \/>\n<meta property=\"og:site_name\" content=\"SkinSolution - For You\" \/>\n<meta property=\"article:publisher\" content=\"https:\/\/www.facebook.com\/SkinSolutionPoland\/\" \/>\n<meta property=\"article:modified_time\" content=\"2026-03-04T09:16:34+00:00\" \/>\n<meta property=\"og:image\" content=\"https:\/\/skinsolution.pl\/for-you\/wp-content\/uploads\/sites\/2\/2024\/08\/5c5b598e3fa4ff96c94310154d36d41d-1.png\" \/>\n\t<meta property=\"og:image:width\" content=\"2048\" \/>\n\t<meta property=\"og:image:height\" content=\"2048\" \/>\n\t<meta property=\"og:image:type\" content=\"image\/png\" \/>\n<meta name=\"twitter:card\" content=\"summary_large_image\" \/>\n<meta name=\"twitter:label1\" content=\"Szacowany czas czytania\" \/>\n\t<meta name=\"twitter:data1\" content=\"2 minuty\" \/>\n<script type=\"application\/ld+json\" class=\"yoast-schema-graph\">{\"@context\":\"https:\\\/\\\/schema.org\",\"@graph\":[{\"@type\":\"WebPage\",\"@id\":\"https:\\\/\\\/skinsolution.pl\\\/for-you\\\/produkt\\\/quasix-cream\\\/\",\"url\":\"https:\\\/\\\/skinsolution.pl\\\/for-you\\\/produkt\\\/quasix-cream\\\/\",\"name\":\"QUASIX\u00ae Krem na zaczerwienienia do cery suchej 30 g - SkinSolution - For You\",\"isPartOf\":{\"@id\":\"https:\\\/\\\/skinsolution.pl\\\/for-you\\\/#website\"},\"primaryImageOfPage\":{\"@id\":\"https:\\\/\\\/skinsolution.pl\\\/for-you\\\/produkt\\\/quasix-cream\\\/#primaryimage\"},\"image\":{\"@id\":\"https:\\\/\\\/skinsolution.pl\\\/for-you\\\/produkt\\\/quasix-cream\\\/#primaryimage\"},\"thumbnailUrl\":\"https:\\\/\\\/skinsolution.pl\\\/for-you\\\/wp-content\\\/uploads\\\/sites\\\/2\\\/2024\\\/08\\\/5c5b598e3fa4ff96c94310154d36d41d-1.png\",\"datePublished\":\"2023-12-13T11:30:29+00:00\",\"dateModified\":\"2026-03-04T09:16:34+00:00\",\"breadcrumb\":{\"@id\":\"https:\\\/\\\/skinsolution.pl\\\/for-you\\\/produkt\\\/quasix-cream\\\/#breadcrumb\"},\"inLanguage\":\"pl-PL\",\"potentialAction\":[{\"@type\":\"ReadAction\",\"target\":[\"https:\\\/\\\/skinsolution.pl\\\/for-you\\\/produkt\\\/quasix-cream\\\/\"]}]},{\"@type\":\"ImageObject\",\"inLanguage\":\"pl-PL\",\"@id\":\"https:\\\/\\\/skinsolution.pl\\\/for-you\\\/produkt\\\/quasix-cream\\\/#primaryimage\",\"url\":\"https:\\\/\\\/skinsolution.pl\\\/for-you\\\/wp-content\\\/uploads\\\/sites\\\/2\\\/2024\\\/08\\\/5c5b598e3fa4ff96c94310154d36d41d-1.png\",\"contentUrl\":\"https:\\\/\\\/skinsolution.pl\\\/for-you\\\/wp-content\\\/uploads\\\/sites\\\/2\\\/2024\\\/08\\\/5c5b598e3fa4ff96c94310154d36d41d-1.png\",\"width\":2048,\"height\":2048},{\"@type\":\"BreadcrumbList\",\"@id\":\"https:\\\/\\\/skinsolution.pl\\\/for-you\\\/produkt\\\/quasix-cream\\\/#breadcrumb\",\"itemListElement\":[{\"@type\":\"ListItem\",\"position\":1,\"name\":\"Strona g\u0142\u00f3wna\",\"item\":\"https:\\\/\\\/skinsolution.pl\\\/for-you\\\/\"},{\"@type\":\"ListItem\",\"position\":2,\"name\":\"Sklep\",\"item\":\"https:\\\/\\\/skinsolution.pl\\\/for-you\\\/sklep\\\/\"},{\"@type\":\"ListItem\",\"position\":3,\"name\":\"QUASIX\u00ae Krem na zaczerwienienia do cery suchej 30 g\"}]},{\"@type\":\"WebSite\",\"@id\":\"https:\\\/\\\/skinsolution.pl\\\/for-you\\\/#website\",\"url\":\"https:\\\/\\\/skinsolution.pl\\\/for-you\\\/\",\"name\":\"SkinSolution | For You\",\"description\":\"\",\"publisher\":{\"@id\":\"https:\\\/\\\/skinsolution.pl\\\/for-you\\\/#organization\"},\"potentialAction\":[{\"@type\":\"SearchAction\",\"target\":{\"@type\":\"EntryPoint\",\"urlTemplate\":\"https:\\\/\\\/skinsolution.pl\\\/for-you\\\/?s={search_term_string}\"},\"query-input\":{\"@type\":\"PropertyValueSpecification\",\"valueRequired\":true,\"valueName\":\"search_term_string\"}}],\"inLanguage\":\"pl-PL\"},{\"@type\":\"Organization\",\"@id\":\"https:\\\/\\\/skinsolution.pl\\\/for-you\\\/#organization\",\"name\":\"SkinSolution | For You\",\"url\":\"https:\\\/\\\/skinsolution.pl\\\/for-you\\\/\",\"logo\":{\"@type\":\"ImageObject\",\"inLanguage\":\"pl-PL\",\"@id\":\"https:\\\/\\\/skinsolution.pl\\\/for-you\\\/#\\\/schema\\\/logo\\\/image\\\/\",\"url\":\"https:\\\/\\\/skinsolution.pl\\\/for-you\\\/wp-content\\\/uploads\\\/sites\\\/2\\\/2025\\\/03\\\/SkinSolution_Black2.png\",\"contentUrl\":\"https:\\\/\\\/skinsolution.pl\\\/for-you\\\/wp-content\\\/uploads\\\/sites\\\/2\\\/2025\\\/03\\\/SkinSolution_Black2.png\",\"width\":512,\"height\":512,\"caption\":\"SkinSolution | For You\"},\"image\":{\"@id\":\"https:\\\/\\\/skinsolution.pl\\\/for-you\\\/#\\\/schema\\\/logo\\\/image\\\/\"},\"sameAs\":[\"https:\\\/\\\/www.facebook.com\\\/SkinSolutionPoland\\\/\",\"https:\\\/\\\/www.instagram.com\\\/skinsolution.pl\\\/\"]}]}<\/script>\n<!-- \/ Yoast SEO plugin. -->","yoast_head_json":{"title":"QUASIX\u00ae Krem na zaczerwienienia do cery suchej 30 g - SkinSolution - For You","robots":{"index":"index","follow":"follow","max-snippet":"max-snippet:-1","max-image-preview":"max-image-preview:large","max-video-preview":"max-video-preview:-1"},"canonical":"https:\/\/skinsolution.pl\/for-you\/produkt\/quasix-cream\/","og_locale":"pl_PL","og_type":"article","og_title":"QUASIX\u00ae Krem na zaczerwienienia do cery suchej 30 g - SkinSolution - For You","og_description":"Krem ochronny przeciw zaczerwienieniom dla sk\u00f3ry suchej i mieszanej","og_url":"https:\/\/skinsolution.pl\/for-you\/produkt\/quasix-cream\/","og_site_name":"SkinSolution - For You","article_publisher":"https:\/\/www.facebook.com\/SkinSolutionPoland\/","article_modified_time":"2026-03-04T09:16:34+00:00","og_image":[{"width":2048,"height":2048,"url":"https:\/\/skinsolution.pl\/for-you\/wp-content\/uploads\/sites\/2\/2024\/08\/5c5b598e3fa4ff96c94310154d36d41d-1.png","type":"image\/png"}],"twitter_card":"summary_large_image","twitter_misc":{"Szacowany czas czytania":"2 minuty"},"schema":{"@context":"https:\/\/schema.org","@graph":[{"@type":"WebPage","@id":"https:\/\/skinsolution.pl\/for-you\/produkt\/quasix-cream\/","url":"https:\/\/skinsolution.pl\/for-you\/produkt\/quasix-cream\/","name":"QUASIX\u00ae Krem na zaczerwienienia do cery suchej 30 g - SkinSolution - For You","isPartOf":{"@id":"https:\/\/skinsolution.pl\/for-you\/#website"},"primaryImageOfPage":{"@id":"https:\/\/skinsolution.pl\/for-you\/produkt\/quasix-cream\/#primaryimage"},"image":{"@id":"https:\/\/skinsolution.pl\/for-you\/produkt\/quasix-cream\/#primaryimage"},"thumbnailUrl":"https:\/\/skinsolution.pl\/for-you\/wp-content\/uploads\/sites\/2\/2024\/08\/5c5b598e3fa4ff96c94310154d36d41d-1.png","datePublished":"2023-12-13T11:30:29+00:00","dateModified":"2026-03-04T09:16:34+00:00","breadcrumb":{"@id":"https:\/\/skinsolution.pl\/for-you\/produkt\/quasix-cream\/#breadcrumb"},"inLanguage":"pl-PL","potentialAction":[{"@type":"ReadAction","target":["https:\/\/skinsolution.pl\/for-you\/produkt\/quasix-cream\/"]}]},{"@type":"ImageObject","inLanguage":"pl-PL","@id":"https:\/\/skinsolution.pl\/for-you\/produkt\/quasix-cream\/#primaryimage","url":"https:\/\/skinsolution.pl\/for-you\/wp-content\/uploads\/sites\/2\/2024\/08\/5c5b598e3fa4ff96c94310154d36d41d-1.png","contentUrl":"https:\/\/skinsolution.pl\/for-you\/wp-content\/uploads\/sites\/2\/2024\/08\/5c5b598e3fa4ff96c94310154d36d41d-1.png","width":2048,"height":2048},{"@type":"BreadcrumbList","@id":"https:\/\/skinsolution.pl\/for-you\/produkt\/quasix-cream\/#breadcrumb","itemListElement":[{"@type":"ListItem","position":1,"name":"Strona g\u0142\u00f3wna","item":"https:\/\/skinsolution.pl\/for-you\/"},{"@type":"ListItem","position":2,"name":"Sklep","item":"https:\/\/skinsolution.pl\/for-you\/sklep\/"},{"@type":"ListItem","position":3,"name":"QUASIX\u00ae Krem na zaczerwienienia do cery suchej 30 g"}]},{"@type":"WebSite","@id":"https:\/\/skinsolution.pl\/for-you\/#website","url":"https:\/\/skinsolution.pl\/for-you\/","name":"SkinSolution | For You","description":"","publisher":{"@id":"https:\/\/skinsolution.pl\/for-you\/#organization"},"potentialAction":[{"@type":"SearchAction","target":{"@type":"EntryPoint","urlTemplate":"https:\/\/skinsolution.pl\/for-you\/?s={search_term_string}"},"query-input":{"@type":"PropertyValueSpecification","valueRequired":true,"valueName":"search_term_string"}}],"inLanguage":"pl-PL"},{"@type":"Organization","@id":"https:\/\/skinsolution.pl\/for-you\/#organization","name":"SkinSolution | For You","url":"https:\/\/skinsolution.pl\/for-you\/","logo":{"@type":"ImageObject","inLanguage":"pl-PL","@id":"https:\/\/skinsolution.pl\/for-you\/#\/schema\/logo\/image\/","url":"https:\/\/skinsolution.pl\/for-you\/wp-content\/uploads\/sites\/2\/2025\/03\/SkinSolution_Black2.png","contentUrl":"https:\/\/skinsolution.pl\/for-you\/wp-content\/uploads\/sites\/2\/2025\/03\/SkinSolution_Black2.png","width":512,"height":512,"caption":"SkinSolution | For You"},"image":{"@id":"https:\/\/skinsolution.pl\/for-you\/#\/schema\/logo\/image\/"},"sameAs":["https:\/\/www.facebook.com\/SkinSolutionPoland\/","https:\/\/www.instagram.com\/skinsolution.pl\/"]}]}},"_links":{"self":[{"href":"https:\/\/skinsolution.pl\/for-you\/wp-json\/wp\/v2\/product\/1917","targetHints":{"allow":["GET"]}}],"collection":[{"href":"https:\/\/skinsolution.pl\/for-you\/wp-json\/wp\/v2\/product"}],"about":[{"href":"https:\/\/skinsolution.pl\/for-you\/wp-json\/wp\/v2\/types\/product"}],"replies":[{"embeddable":true,"href":"https:\/\/skinsolution.pl\/for-you\/wp-json\/wp\/v2\/comments?post=1917"}],"wp:featuredmedia":[{"embeddable":true,"href":"https:\/\/skinsolution.pl\/for-you\/wp-json\/wp\/v2\/media\/2882"}],"wp:attachment":[{"href":"https:\/\/skinsolution.pl\/for-you\/wp-json\/wp\/v2\/media?parent=1917"}],"wp:term":[{"taxonomy":"product_brand","embeddable":true,"href":"https:\/\/skinsolution.pl\/for-you\/wp-json\/wp\/v2\/product_brand?post=1917"},{"taxonomy":"product_cat","embeddable":true,"href":"https:\/\/skinsolution.pl\/for-you\/wp-json\/wp\/v2\/product_cat?post=1917"},{"taxonomy":"product_tag","embeddable":true,"href":"https:\/\/skinsolution.pl\/for-you\/wp-json\/wp\/v2\/product_tag?post=1917"}],"curies":[{"name":"wp","href":"https:\/\/api.w.org\/{rel}","templated":true}]}}