{"id":3372,"date":"2025-05-29T15:35:11","date_gmt":"2025-05-29T13:35:11","guid":{"rendered":"https:\/\/skinsolution.pl\/for-professionals\/?post_type=product&#038;p=3372"},"modified":"2026-03-24T14:02:53","modified_gmt":"2026-03-24T13:02:53","slug":"beta-mask-maska-hydrozelowa-100-beta-glukan-10-szt","status":"publish","type":"product","link":"https:\/\/skinsolution.pl\/for-professionals\/produkt\/beta-mask-maska-hydrozelowa-100-beta-glukan-10-szt\/","title":{"rendered":"BETA MASK Maska Hydro\u017celowa 100% Beta-Glukan (10 szt.)"},"content":{"rendered":"<p>Komfortowa jednorazowa maska hydro\u017celowa marki NeoGenesis wykonana jest w 100% z aktywnego Beta-glukanu. Delikatnie ch\u0142odzi, ekspresowo i dog\u0142\u0119bnie nawil\u017ca, regeneruje i poprawia elastyczno\u015b\u0107 sk\u00f3ry. Beta Mask jest w stanie 15 krotnie mocnej nawil\u017cy\u0107 sk\u00f3r\u0119 ni\u017c kwas hialuronowy!<br \/>\nBeta-glukan pobudza uk\u0142ad odporno\u015bciowy i rekonstrukcj\u0119 sk\u00f3ry, zapobiega uszkodzeniom sk\u00f3ry, zaka\u017ceniom, \u0142agodzi podra\u017cnienia. Dzi\u0119ki zastosowaniu beta-glukanu na sk\u00f3r\u0119, jej zdolno\u015b\u0107 do samoregeneracji zostaje zwi\u0119kszona w wyniku czego wygl\u0105da zdrowiej i m\u0142odziej. Beta Mask nadaje sk\u00f3rze pi\u0119kny efekt glow.<br \/>\nW\u0142a\u015bciwo\u015bci maski:<br \/>\n&gt; \u0142agodzi podra\u017cnienia,<br \/>\n&gt; stymuluje odnow\u0119 kolagenu,<br \/>\n&gt; wzmacnia naturalny proces odnowy zniszczonej sk\u00f3ry,<br \/>\n&gt; poprawa nawil\u017cenie suchej sk\u00f3ry,<br \/>\n&gt; uelastycznienia i napina sk\u00f3r\u0119,<br \/>\n&gt; niweluje szkodliwe dzia\u0142anie promieniowania UV.<\/p>\n<p>Wskazania do stosowania<br \/>\nzawsze kiedy nasza sk\u00f3ra potrzebuje intensywnego nawil\u017cenia, po oparzeniach s\u0142onecznych i po wszelkich zabiegach tj. mezoterapia, laseroterapia, po peelingach medycznych, po zabiegach chirurgicznych, przy leczeniu blizn.<\/p>\n<p>Pojemno\u015b\u0107<br \/>\n1 opakowanie zawiera 10 szt. hydro\u017celowych masek<\/p>\n<p>Spos\u00f3b u\u017cycia<br \/>\nMask\u0119 po otwarciu nale\u017cy na\u0142o\u017cy\u0107 na oczyszczon\u0105, umyt\u0105 sk\u00f3r\u0119 twarzy. Delikatnie na\u0142o\u017cy\u0107 pierwsz\u0105 cze\u015b\u0107 maski na okolice oczu, a nast\u0119pnie na\u0142o\u017cy\u0107 doln\u0105 cz\u0119\u015b\u0107 i delikatnie dopasowa\u0107. Mask\u0119 pozostawi\u0107 na 20-30 minut. Po up\u0142ywie okre\u015blonego czasu usun\u0105\u0107 mask\u0119 w ca\u0142o\u015bci i wmasowa\u0107 pozosta\u0142o\u015bci \u017celu, a\u017c do ca\u0142kowitego wch\u0142oni\u0119cia.<\/p>\n<p>Sk\u0142adniki aktywne<br \/>\nBeta-glukan &#8211; ma w\u0142a\u015bciwo\u015bci \u0142agodz\u0105ce i nawil\u017caj\u0105ce; stymuluje proces odnowy kolagenu wzmacniaj\u0105c i uelastyczniaj\u0105c sk\u00f3r\u0119; przeciwdzia\u0142a szkodliwemu dzia\u0142aniu promieniowania UV;<br \/>\nGliceryna &#8211; ma w\u0142a\u015bciwo\u015bci nawil\u017caj\u0105ce i regeneruj\u0105ce sk\u00f3r\u0119;<br \/>\nWyci\u0105g z pochrzynu japo\u0144skiego &#8211; \u017ar\u00f3d\u0142o saponin sterydowych wspomagaj\u0105cych procesy metaboliczne w kom\u00f3rkach sk\u00f3ry;<br \/>\nWyci\u0105g z owoc\u00f3w bor\u00f3wki ameryka\u0144skiej &#8211; intensywnie nawil\u017ca;<br \/>\nWyci\u0105g z owoc\u00f3w je\u017cyny &#8211; uelastycznia naczynia krwiono\u015bne, ma dzia\u0142anie koj\u0105ce, przeciwzapalne, antybakteryjne, przeciwgrzybicze;<br \/>\nEkstrakt z owoc\u00f3w acai &#8211; silny antyoksydant, bogate \u017ar\u00f3d\u0142o witamin A, B, C, E, aminokwas\u00f3w i kwas\u00f3w omega 3 i 6; dzia\u0142a przeciwzmarszczkowo, nawil\u017caj\u0105co, napina i oczyszcza sk\u00f3r\u0119;<br \/>\nEkstrakt z maliny &#8211; ma w\u0142a\u015bciwo\u015bci od\u015bwie\u017caj\u0105ce, \u0142agodz\u0105ce podra\u017cnienia, poprawiaj\u0105ce wygl\u0105d sk\u00f3ry oraz wzmacniaj\u0105ce. Wyg\u0142adza, zapobiega nadmiernemu wydzielaniu \u0142oju, zapewnia sk\u00f3rze zdrowy wygl\u0105d;<br \/>\nEkstrakt z owoc\u00f3w truskawki &#8211; dzia\u0142anie antyoksydacyjne, od\u017cywczo i przeciwzmarszczkowo; aktywuje procesy regeneracji sk\u00f3ry i przyspiesza gojenie podra\u017cnie\u0144, nawil\u017ca, zwi\u0119ksza elastyczno\u015b\u0107 i j\u0119drno\u015b\u0107 sk\u00f3ry;<br \/>\nEkstrakt z soku z bor\u00f3wki czarnej &#8211; dzia\u0142a od\u017cywczo, antyoksydacyjnie, wyg\u0142adzaj\u0105co, rozja\u015bniaj\u0105co i uj\u0119drniaj\u0105co;<br \/>\n\u017burawina &#8211; \u017ar\u00f3d\u0142o witaminy C, A oraz B; sk\u0142adnik o w\u0142a\u015bciwo\u015bciach nawil\u017caj\u0105cych, przeciwbakteryjnych, antyoksydacyjnych oraz zag\u0119szczaj\u0105cych sk\u00f3r\u0119;<br \/>\nEkstrakt z zielonej herbaty &#8211; sk\u0142adnik o w\u0142a\u015bciwo\u015bciach przeciwbakteryjnych oraz \u0142agodz\u0105cych stany zapalne sk\u00f3ry;<br \/>\nKolagen &#8211; odpowiada za spr\u0119\u017cysto\u015b\u0107, j\u0119drno\u015b\u0107 i nawil\u017cenie sk\u00f3ry;<br \/>\nAlantoina &#8211; ma w\u0142a\u015bciwo\u015bci \u0142agodz\u0105ce podra\u017cnienia oraz dzia\u0142anie przeciwzapalne.<\/p>\n<p>Sk\u0142ad<br \/>\nAqua, Glycerin, Butylene glycol, Agar, Beta-Glucan (1,600ppm), Dioscorea Japonica root extract, Vaccinum Angustifolium (Blueberry) Fruit Extract, Robus Fruticosus (Blackberry) Fruit Extract, Euterpe Oleracea Fruit Extract, Rubus Idaeus (Raspberry) Fruit Extract, Fragaria Chiloensis (Strawberry) Fruit Extract, Vaccinium Myrtillus Fruit Extract, Vaccinum Macrocarpon (Cranberry) Fruit Extract, Camellia Sinensis Leaf Extract, Hydrolyzed Collagen, Allantoin, Xanthan Gum, Ceratonia Siliqua (Carob) Gum, Carrageenan, Carbomer, 1,2- Hexanediol, PEG-60 Hydrogenated Castor oil, Sucrose, Disodium EDTA, Phenoxyethanol, Sodium Benzoate.<\/p>\n<p>Informacje o producencie<br \/>\nDaejong Medical Co., Ltd. Korea<\/p>\n","protected":false},"excerpt":{"rendered":"<p>Hydro\u017celowa maska nas\u0105czona 100% roztworem beta-glukanu<\/p>\n","protected":false},"featured_media":3373,"comment_status":"open","ping_status":"closed","template":"","meta":{"_acf_changed":false},"product_brand":[],"product_cat":[153],"product_tag":[],"class_list":{"0":"post-3372","1":"product","2":"type-product","3":"status-publish","4":"has-post-thumbnail","6":"product_cat-profesjonalna-pielegnacja","8":"first","9":"instock","10":"taxable","11":"shipping-taxable","12":"purchasable","13":"product-type-simple"},"acf":[],"yoast_head":"<!-- This site is optimized with the Yoast SEO plugin v27.4 - https:\/\/yoast.com\/product\/yoast-seo-wordpress\/ -->\n<title>BETA MASK Maska Hydro\u017celowa 100% Beta-Glukan (10 szt.) | SkinSolution | For Professional<\/title>\n<meta name=\"robots\" content=\"index, follow, max-snippet:-1, max-image-preview:large, max-video-preview:-1\" \/>\n<link rel=\"canonical\" href=\"https:\/\/skinsolution.pl\/for-professionals\/produkt\/beta-mask-maska-hydrozelowa-100-beta-glukan-10-szt\/\" \/>\n<meta property=\"og:locale\" content=\"pl_PL\" \/>\n<meta property=\"og:type\" content=\"article\" \/>\n<meta property=\"og:title\" content=\"BETA MASK Maska Hydro\u017celowa 100% Beta-Glukan (10 szt.) | SkinSolution | For Professional\" \/>\n<meta property=\"og:description\" content=\"Hydro\u017celowa maska nas\u0105czona 100% roztworem beta-glukanu\" \/>\n<meta property=\"og:url\" content=\"https:\/\/skinsolution.pl\/for-professionals\/produkt\/beta-mask-maska-hydrozelowa-100-beta-glukan-10-szt\/\" \/>\n<meta property=\"og:site_name\" content=\"SkinSolution | For Professional\" \/>\n<meta property=\"article:modified_time\" content=\"2026-03-24T13:02:53+00:00\" \/>\n<meta property=\"og:image\" content=\"https:\/\/skinsolution.pl\/for-professionals\/wp-content\/uploads\/sites\/5\/2025\/05\/35eaa1638ab23678539a9fc9b0d4435b-1.png\" \/>\n\t<meta property=\"og:image:width\" content=\"2048\" \/>\n\t<meta property=\"og:image:height\" content=\"2048\" \/>\n\t<meta property=\"og:image:type\" content=\"image\/png\" \/>\n<meta name=\"twitter:card\" content=\"summary_large_image\" \/>\n<meta name=\"twitter:label1\" content=\"Szacowany czas czytania\" \/>\n\t<meta name=\"twitter:data1\" content=\"3 minuty\" \/>\n<script type=\"application\/ld+json\" class=\"yoast-schema-graph\">{\"@context\":\"https:\\\/\\\/schema.org\",\"@graph\":[{\"@type\":\"WebPage\",\"@id\":\"https:\\\/\\\/skinsolution.pl\\\/for-professionals\\\/produkt\\\/beta-mask-maska-hydrozelowa-100-beta-glukan-10-szt\\\/\",\"url\":\"https:\\\/\\\/skinsolution.pl\\\/for-professionals\\\/produkt\\\/beta-mask-maska-hydrozelowa-100-beta-glukan-10-szt\\\/\",\"name\":\"BETA MASK Maska Hydro\u017celowa 100% Beta-Glukan (10 szt.) | SkinSolution | For Professional\",\"isPartOf\":{\"@id\":\"https:\\\/\\\/skinsolution.pl\\\/for-professionals\\\/#website\"},\"primaryImageOfPage\":{\"@id\":\"https:\\\/\\\/skinsolution.pl\\\/for-professionals\\\/produkt\\\/beta-mask-maska-hydrozelowa-100-beta-glukan-10-szt\\\/#primaryimage\"},\"image\":{\"@id\":\"https:\\\/\\\/skinsolution.pl\\\/for-professionals\\\/produkt\\\/beta-mask-maska-hydrozelowa-100-beta-glukan-10-szt\\\/#primaryimage\"},\"thumbnailUrl\":\"https:\\\/\\\/skinsolution.pl\\\/for-professionals\\\/wp-content\\\/uploads\\\/sites\\\/5\\\/2025\\\/05\\\/35eaa1638ab23678539a9fc9b0d4435b-1.png\",\"datePublished\":\"2025-05-29T13:35:11+00:00\",\"dateModified\":\"2026-03-24T13:02:53+00:00\",\"breadcrumb\":{\"@id\":\"https:\\\/\\\/skinsolution.pl\\\/for-professionals\\\/produkt\\\/beta-mask-maska-hydrozelowa-100-beta-glukan-10-szt\\\/#breadcrumb\"},\"inLanguage\":\"pl-PL\",\"potentialAction\":[{\"@type\":\"ReadAction\",\"target\":[\"https:\\\/\\\/skinsolution.pl\\\/for-professionals\\\/produkt\\\/beta-mask-maska-hydrozelowa-100-beta-glukan-10-szt\\\/\"]}]},{\"@type\":\"ImageObject\",\"inLanguage\":\"pl-PL\",\"@id\":\"https:\\\/\\\/skinsolution.pl\\\/for-professionals\\\/produkt\\\/beta-mask-maska-hydrozelowa-100-beta-glukan-10-szt\\\/#primaryimage\",\"url\":\"https:\\\/\\\/skinsolution.pl\\\/for-professionals\\\/wp-content\\\/uploads\\\/sites\\\/5\\\/2025\\\/05\\\/35eaa1638ab23678539a9fc9b0d4435b-1.png\",\"contentUrl\":\"https:\\\/\\\/skinsolution.pl\\\/for-professionals\\\/wp-content\\\/uploads\\\/sites\\\/5\\\/2025\\\/05\\\/35eaa1638ab23678539a9fc9b0d4435b-1.png\",\"width\":2048,\"height\":2048},{\"@type\":\"BreadcrumbList\",\"@id\":\"https:\\\/\\\/skinsolution.pl\\\/for-professionals\\\/produkt\\\/beta-mask-maska-hydrozelowa-100-beta-glukan-10-szt\\\/#breadcrumb\",\"itemListElement\":[{\"@type\":\"ListItem\",\"position\":1,\"name\":\"Strona g\u0142\u00f3wna\",\"item\":\"https:\\\/\\\/skinsolution.pl\\\/for-professionals\\\/\"},{\"@type\":\"ListItem\",\"position\":2,\"name\":\"Sklep\",\"item\":\"https:\\\/\\\/skinsolution.pl\\\/for-professionals\\\/sklep\\\/\"},{\"@type\":\"ListItem\",\"position\":3,\"name\":\"BETA MASK Maska Hydro\u017celowa 100% Beta-Glukan (10 szt.)\"}]},{\"@type\":\"WebSite\",\"@id\":\"https:\\\/\\\/skinsolution.pl\\\/for-professionals\\\/#website\",\"url\":\"https:\\\/\\\/skinsolution.pl\\\/for-professionals\\\/\",\"name\":\"SkinSolution For Professionals\",\"description\":\"\",\"publisher\":{\"@id\":\"https:\\\/\\\/skinsolution.pl\\\/for-professionals\\\/#organization\"},\"potentialAction\":[{\"@type\":\"SearchAction\",\"target\":{\"@type\":\"EntryPoint\",\"urlTemplate\":\"https:\\\/\\\/skinsolution.pl\\\/for-professionals\\\/?s={search_term_string}\"},\"query-input\":{\"@type\":\"PropertyValueSpecification\",\"valueRequired\":true,\"valueName\":\"search_term_string\"}}],\"inLanguage\":\"pl-PL\"},{\"@type\":\"Organization\",\"@id\":\"https:\\\/\\\/skinsolution.pl\\\/for-professionals\\\/#organization\",\"name\":\"SkinSolution For Professionals\",\"url\":\"https:\\\/\\\/skinsolution.pl\\\/for-professionals\\\/\",\"logo\":{\"@type\":\"ImageObject\",\"inLanguage\":\"pl-PL\",\"@id\":\"https:\\\/\\\/skinsolution.pl\\\/for-professionals\\\/#\\\/schema\\\/logo\\\/image\\\/\",\"url\":\"https:\\\/\\\/skinsolution.pl\\\/for-professionals\\\/wp-content\\\/uploads\\\/sites\\\/5\\\/2025\\\/03\\\/SkinSolution_Black2.png\",\"contentUrl\":\"https:\\\/\\\/skinsolution.pl\\\/for-professionals\\\/wp-content\\\/uploads\\\/sites\\\/5\\\/2025\\\/03\\\/SkinSolution_Black2.png\",\"width\":512,\"height\":512,\"caption\":\"SkinSolution For Professionals\"},\"image\":{\"@id\":\"https:\\\/\\\/skinsolution.pl\\\/for-professionals\\\/#\\\/schema\\\/logo\\\/image\\\/\"}}]}<\/script>\n<!-- \/ Yoast SEO plugin. -->","yoast_head_json":{"title":"BETA MASK Maska Hydro\u017celowa 100% Beta-Glukan (10 szt.) | SkinSolution | For Professional","robots":{"index":"index","follow":"follow","max-snippet":"max-snippet:-1","max-image-preview":"max-image-preview:large","max-video-preview":"max-video-preview:-1"},"canonical":"https:\/\/skinsolution.pl\/for-professionals\/produkt\/beta-mask-maska-hydrozelowa-100-beta-glukan-10-szt\/","og_locale":"pl_PL","og_type":"article","og_title":"BETA MASK Maska Hydro\u017celowa 100% Beta-Glukan (10 szt.) | SkinSolution | For Professional","og_description":"Hydro\u017celowa maska nas\u0105czona 100% roztworem beta-glukanu","og_url":"https:\/\/skinsolution.pl\/for-professionals\/produkt\/beta-mask-maska-hydrozelowa-100-beta-glukan-10-szt\/","og_site_name":"SkinSolution | For Professional","article_modified_time":"2026-03-24T13:02:53+00:00","og_image":[{"width":2048,"height":2048,"url":"https:\/\/skinsolution.pl\/for-professionals\/wp-content\/uploads\/sites\/5\/2025\/05\/35eaa1638ab23678539a9fc9b0d4435b-1.png","type":"image\/png"}],"twitter_card":"summary_large_image","twitter_misc":{"Szacowany czas czytania":"3 minuty"},"schema":{"@context":"https:\/\/schema.org","@graph":[{"@type":"WebPage","@id":"https:\/\/skinsolution.pl\/for-professionals\/produkt\/beta-mask-maska-hydrozelowa-100-beta-glukan-10-szt\/","url":"https:\/\/skinsolution.pl\/for-professionals\/produkt\/beta-mask-maska-hydrozelowa-100-beta-glukan-10-szt\/","name":"BETA MASK Maska Hydro\u017celowa 100% Beta-Glukan (10 szt.) | SkinSolution | For Professional","isPartOf":{"@id":"https:\/\/skinsolution.pl\/for-professionals\/#website"},"primaryImageOfPage":{"@id":"https:\/\/skinsolution.pl\/for-professionals\/produkt\/beta-mask-maska-hydrozelowa-100-beta-glukan-10-szt\/#primaryimage"},"image":{"@id":"https:\/\/skinsolution.pl\/for-professionals\/produkt\/beta-mask-maska-hydrozelowa-100-beta-glukan-10-szt\/#primaryimage"},"thumbnailUrl":"https:\/\/skinsolution.pl\/for-professionals\/wp-content\/uploads\/sites\/5\/2025\/05\/35eaa1638ab23678539a9fc9b0d4435b-1.png","datePublished":"2025-05-29T13:35:11+00:00","dateModified":"2026-03-24T13:02:53+00:00","breadcrumb":{"@id":"https:\/\/skinsolution.pl\/for-professionals\/produkt\/beta-mask-maska-hydrozelowa-100-beta-glukan-10-szt\/#breadcrumb"},"inLanguage":"pl-PL","potentialAction":[{"@type":"ReadAction","target":["https:\/\/skinsolution.pl\/for-professionals\/produkt\/beta-mask-maska-hydrozelowa-100-beta-glukan-10-szt\/"]}]},{"@type":"ImageObject","inLanguage":"pl-PL","@id":"https:\/\/skinsolution.pl\/for-professionals\/produkt\/beta-mask-maska-hydrozelowa-100-beta-glukan-10-szt\/#primaryimage","url":"https:\/\/skinsolution.pl\/for-professionals\/wp-content\/uploads\/sites\/5\/2025\/05\/35eaa1638ab23678539a9fc9b0d4435b-1.png","contentUrl":"https:\/\/skinsolution.pl\/for-professionals\/wp-content\/uploads\/sites\/5\/2025\/05\/35eaa1638ab23678539a9fc9b0d4435b-1.png","width":2048,"height":2048},{"@type":"BreadcrumbList","@id":"https:\/\/skinsolution.pl\/for-professionals\/produkt\/beta-mask-maska-hydrozelowa-100-beta-glukan-10-szt\/#breadcrumb","itemListElement":[{"@type":"ListItem","position":1,"name":"Strona g\u0142\u00f3wna","item":"https:\/\/skinsolution.pl\/for-professionals\/"},{"@type":"ListItem","position":2,"name":"Sklep","item":"https:\/\/skinsolution.pl\/for-professionals\/sklep\/"},{"@type":"ListItem","position":3,"name":"BETA MASK Maska Hydro\u017celowa 100% Beta-Glukan (10 szt.)"}]},{"@type":"WebSite","@id":"https:\/\/skinsolution.pl\/for-professionals\/#website","url":"https:\/\/skinsolution.pl\/for-professionals\/","name":"SkinSolution For Professionals","description":"","publisher":{"@id":"https:\/\/skinsolution.pl\/for-professionals\/#organization"},"potentialAction":[{"@type":"SearchAction","target":{"@type":"EntryPoint","urlTemplate":"https:\/\/skinsolution.pl\/for-professionals\/?s={search_term_string}"},"query-input":{"@type":"PropertyValueSpecification","valueRequired":true,"valueName":"search_term_string"}}],"inLanguage":"pl-PL"},{"@type":"Organization","@id":"https:\/\/skinsolution.pl\/for-professionals\/#organization","name":"SkinSolution For Professionals","url":"https:\/\/skinsolution.pl\/for-professionals\/","logo":{"@type":"ImageObject","inLanguage":"pl-PL","@id":"https:\/\/skinsolution.pl\/for-professionals\/#\/schema\/logo\/image\/","url":"https:\/\/skinsolution.pl\/for-professionals\/wp-content\/uploads\/sites\/5\/2025\/03\/SkinSolution_Black2.png","contentUrl":"https:\/\/skinsolution.pl\/for-professionals\/wp-content\/uploads\/sites\/5\/2025\/03\/SkinSolution_Black2.png","width":512,"height":512,"caption":"SkinSolution For Professionals"},"image":{"@id":"https:\/\/skinsolution.pl\/for-professionals\/#\/schema\/logo\/image\/"}}]}},"_links":{"self":[{"href":"https:\/\/skinsolution.pl\/for-professionals\/wp-json\/wp\/v2\/product\/3372","targetHints":{"allow":["GET"]}}],"collection":[{"href":"https:\/\/skinsolution.pl\/for-professionals\/wp-json\/wp\/v2\/product"}],"about":[{"href":"https:\/\/skinsolution.pl\/for-professionals\/wp-json\/wp\/v2\/types\/product"}],"replies":[{"embeddable":true,"href":"https:\/\/skinsolution.pl\/for-professionals\/wp-json\/wp\/v2\/comments?post=3372"}],"wp:featuredmedia":[{"embeddable":true,"href":"https:\/\/skinsolution.pl\/for-professionals\/wp-json\/wp\/v2\/media\/3373"}],"wp:attachment":[{"href":"https:\/\/skinsolution.pl\/for-professionals\/wp-json\/wp\/v2\/media?parent=3372"}],"wp:term":[{"taxonomy":"product_brand","embeddable":true,"href":"https:\/\/skinsolution.pl\/for-professionals\/wp-json\/wp\/v2\/product_brand?post=3372"},{"taxonomy":"product_cat","embeddable":true,"href":"https:\/\/skinsolution.pl\/for-professionals\/wp-json\/wp\/v2\/product_cat?post=3372"},{"taxonomy":"product_tag","embeddable":true,"href":"https:\/\/skinsolution.pl\/for-professionals\/wp-json\/wp\/v2\/product_tag?post=3372"}],"curies":[{"name":"wp","href":"https:\/\/api.w.org\/{rel}","templated":true}]}}