{"id":3162,"date":"2025-01-07T20:16:07","date_gmt":"2025-01-07T19:16:07","guid":{"rendered":"https:\/\/skinsolution.pl\/for-professionals\/produkt\/jalupro-drink\/"},"modified":"2026-04-22T14:33:49","modified_gmt":"2026-04-22T12:33:49","slug":"jalupro-drink","status":"publish","type":"product","link":"https:\/\/skinsolution.pl\/for-professionals\/produkt\/jalupro-drink\/","title":{"rendered":"JALUPRO\u00ae Drink (30 saszetek)"},"content":{"rendered":"<p>JALUPRO\u00ae Drink \u2013 aminokwasowa terapia doustna \u2013 to innowacyjny suplement diety uzupe\u0142niaj\u0105cy nasz\u0105 diet\u0119 ubog\u0105 w cenne aminokwasy, przywracaj\u0105cy optymalny ich poziom i gwarantuj\u0105cy prawid\u0142ow\u0105 produkcj\u0119 kolagenu.<\/p>\n<p>Preparat Jalupro w swoim sk\u0142adzie posiada 3 kluczowe aminokwasy (Glicyna, L-prolina, L-lizyna) kt\u00f3re odgrywaj\u0105 kluczow\u0105 rol\u0119 w biosyntezie kolagenu i elastyny \u200b\u200boraz promuj\u0105 aktywno\u015b\u0107 metaboliczn\u0105 kom\u00f3rek tkanki \u0142\u0105cznej w celu optymalnego odm\u0142odzenia i regeneracji tkanek, a jego dzia\u0142anie udowodnione jest klinicznie.<br \/>\nNapoje Jalupro zawieraj\u0105 najwy\u017csze st\u0119\u017cenie aminokwas\u00f3w na rynku dla maksymalnego odm\u0142odzenia sk\u00f3ry i tkanki \u0142\u0105cznej w celu przywr\u00f3cenia im elastyczno\u015bci.<\/p>\n<p>Wskazania:<br \/>\n\u2022 suche, \u0142amliwe w\u0142osy, wypadaj\u0105ce w\u0142osy,<br \/>\n\u2022 wiotka sk\u00f3ra,<br \/>\n\u2022 kruche, \u0142amliwe paznokcie,<br \/>\n\u2022 po inwazyjnych zabiegach medycyny estetycznej czy zabiegach chirurgicznych celem szybszego gojenia ran.<\/p>\n<p>Efekty:<br \/>\n\u2022 poprawa nawil\u017cenia i kondycji w\u0142os\u00f3w, zahamowanie wypadania i przy\u015bpieszenie wzrostu,<br \/>\n\u2022 poprawiaj\u0105 tekstur\u0119 sk\u00f3ry, uj\u0119drniaj\u0105 i wyg\u0142adzaj\u0105 zmarszczki oraz zwi\u0119kszaj\u0105 og\u00f3lny blask,<br \/>\n\u2022 regeneracja paznokci \u2013 wzmocnienie i stymulacja wzrostu,<br \/>\n\u2022 przy\u015bpieszenie gojenia i skr\u00f3cenie procesu rekonwalescencji po zabiegach,<br \/>\n\u2022 regulacja pracy uk\u0142adu nerwowego i poprawienie jako\u015bci snu<\/p>\n<p>Suplementy diety JALUPRO\u00ae s\u0105:<br \/>\n\u2022 wega\u0144skie<br \/>\n\u2022 bezglutenowe<br \/>\n\u2022 bez sztucznych barwnik\u00f3w i aromat\u00f3w<br \/>\n\u2022 bez GMO<\/p>\n<p>Pojemno\u015b\u0107:<br \/>\n\u2022 Jedno opakowanie zawiera 30 saszetek, ka\u017cda po 14 ml<\/p>\n<p>Dzienna porcja i dawkowanie:<br \/>\n1 saszetka (14 ml) zawiera:<br \/>\n\u2022 2000 mg Glicyny<br \/>\n\u2022 1750 mg L-proliny<br \/>\n\u2022 250 mg L-lizyny<\/p>\n<p>Nale\u017cy przyjmowa\u0107 raz dziennie na czczo rozpuszczon\u0105 saszetk\u0119 w 50 ml lub wi\u0119kszej ilo\u015bci wody, soku owocowego, herbacie lub innego napoju.<br \/>\nDla optymalnych i d\u0142ugotrwa\u0142ych rezultat\u00f3w nale\u017cy przyjmowa\u0107 jedn\u0105 saszetk\u0119 dziennie przez okres 3 miesi\u0119cy.<\/p>\n<p>Sk\u0142adniki aktywne:<br \/>\n\u2022 Kompleks aminokwas\u00f3w: Glicyna, Prolina, Lizyna- elementy budulcowe kolagenu- g\u0142\u00f3wnego bia\u0142ka sk\u00f3ry; stymuluj\u0105 fibroblasty do produkcji kolagenu<\/p>\n<p>\u015arodki ostro\u017cno\u015bci:<br \/>\n\u2022 Nie nale\u017cy przekracza\u0107 zalecanej dawki dziennego spo\u017cycia;<br \/>\n\u2022 Przechowywa\u0107 w spos\u00f3b niedost\u0119pny dla ma\u0142ych dzieci (poni\u017cej 3 roku \u017cycia);<br \/>\n\u2022 Data przydatno\u015bci odnosi si\u0119 do zamkni\u0119tego, w\u0142a\u015bciwie przechowywanego produktu;<br \/>\n\u2022 Nale\u017cy przechowywa\u0107 w ch\u0142odnym, suchym miejscu;<br \/>\n\u2022 Suplement diety nie mo\u017ce by\u0107 stosowany jako substytut zr\u00f3\u017cnicowanej diety;<br \/>\n\u2022 Nie stosowa\u0107 u kobiet w ci\u0105\u017cy;<br \/>\n\u2022 W przypadku d\u0142u\u017cszego stosowania ni\u017c zalecane, nale\u017cy skonsultowa\u0107 si\u0119 z lekarzem.<\/p>\n<p>Sk\u0142ad:<br \/>\n\u2022 Woda oczyszczona,<br \/>\n\u2022 Glicyna,<br \/>\n\u2022 L-prolina,<br \/>\n\u2022 Chlorowodorek l-lizyny,<br \/>\n\u2022 Regulatory kwasowo\u015bci,<br \/>\n\u2022 Kwas cytrynowy,<br \/>\n\u2022 Cytrynian trisodu (E331 (iii)),<br \/>\n\u2022 substancje konserwuj\u0105ce: Benzoesan sodu, Sorbinian potasu.<\/p>\n<p>Informacja o producencie:<br \/>\nProfessional Derma S.A.<br \/>\nKraj pochodzenia: Szwajcaria<br \/>\nCertyfikat: UNI EN 9001:2015<br \/>\nCertyfikacja: Suplement diety wpisany do rejestru produkt\u00f3w G\u0142\u00f3wnego Inspektoratu Sanitarnego<\/p>\n<p>Wyniki badania klinicznego z udzia\u0142em 714 kobiet:<br \/>\n76% zauwa\u017cy\u0142o popraw\u0119 stanu sk\u00f3ry, w tym:<br \/>\n88% z nich zauwa\u017cy\u0142o zwi\u0119kszone nawil\u017cenie sk\u00f3ry<br \/>\n93% z nich zauwa\u017cy\u0142o g\u0142adsz\u0105 sk\u00f3r\u0119<br \/>\n61% z nich zauwa\u017cy\u0142o redukcj\u0119 zmarszczek<br \/>\n77% z nich zauwa\u017cy\u0142o wi\u0119ksz\u0105 zwarto\u015b\u0107<br \/>\n*Wyniki badania samooceny konsument\u00f3w z suplementacj\u0105 aminokwas\u00f3w przez 6 tygodni<\/p>\n","protected":false},"excerpt":{"rendered":"<p>Suplement diety zawieraj\u0105cy wyj\u0105tkow\u0105 mieszank\u0119 aminokwas\u00f3w od\u017cywiaj\u0105cych wp\u0142ywaj\u0105cych na sk\u00f3r\u0119, w\u0142osy i paznokcie.<br \/>\nOpakowanie zawiera miesi\u0119czn\u0105 kuracje aminokwasow\u0105, 30 saszetek &#8211; 1 saszetka dziennie.<br \/>\nPolecany jako suplementacja oko\u0142ozabiegowa, zwi\u0119kszaj\u0105ca efektywno\u015b\u0107 dzia\u0142ania zabieg\u00f3w z zakresu medycyny estetycznej.<\/p>\n","protected":false},"featured_media":3453,"comment_status":"open","ping_status":"closed","template":"","meta":{"_acf_changed":false},"product_brand":[],"product_cat":[93],"product_tag":[],"class_list":{"0":"post-3162","1":"product","2":"type-product","3":"status-publish","4":"has-post-thumbnail","6":"product_cat-suplementy-diety","8":"first","9":"instock","10":"taxable","11":"shipping-taxable","12":"purchasable","13":"product-type-simple"},"acf":[],"yoast_head":"<!-- This site is optimized with the Yoast SEO plugin v27.4 - https:\/\/yoast.com\/product\/yoast-seo-wordpress\/ -->\n<title>JALUPRO\u00ae Drink (30 saszetek) | SkinSolution | For Professional<\/title>\n<meta name=\"robots\" content=\"index, follow, max-snippet:-1, max-image-preview:large, max-video-preview:-1\" \/>\n<link rel=\"canonical\" href=\"https:\/\/skinsolution.pl\/for-professionals\/produkt\/jalupro-drink\/\" \/>\n<meta property=\"og:locale\" content=\"pl_PL\" \/>\n<meta property=\"og:type\" content=\"article\" \/>\n<meta property=\"og:title\" content=\"JALUPRO\u00ae Drink (30 saszetek) | SkinSolution | For Professional\" \/>\n<meta property=\"og:description\" content=\"Suplement diety zawieraj\u0105cy wyj\u0105tkow\u0105 mieszank\u0119 aminokwas\u00f3w od\u017cywiaj\u0105cych wp\u0142ywaj\u0105cych na sk\u00f3r\u0119, w\u0142osy i paznokcie. Opakowanie zawiera miesi\u0119czn\u0105 kuracje aminokwasow\u0105, 30 saszetek - 1 saszetka dziennie. Polecany jako suplementacja oko\u0142ozabiegowa, zwi\u0119kszaj\u0105ca efektywno\u015b\u0107 dzia\u0142ania zabieg\u00f3w z zakresu medycyny estetycznej.\" \/>\n<meta property=\"og:url\" content=\"https:\/\/skinsolution.pl\/for-professionals\/produkt\/jalupro-drink\/\" \/>\n<meta property=\"og:site_name\" content=\"SkinSolution | For Professional\" \/>\n<meta property=\"article:modified_time\" content=\"2026-04-22T12:33:49+00:00\" \/>\n<meta property=\"og:image\" content=\"https:\/\/skinsolution.pl\/for-professionals\/wp-content\/uploads\/sites\/5\/2025\/01\/Skin-Solution-1080-x-1350-px-2025-07-04T104548.279-1.png\" \/>\n\t<meta property=\"og:image:width\" content=\"1200\" \/>\n\t<meta property=\"og:image:height\" content=\"1200\" \/>\n\t<meta property=\"og:image:type\" content=\"image\/png\" \/>\n<meta name=\"twitter:card\" content=\"summary_large_image\" \/>\n<meta name=\"twitter:label1\" content=\"Szacowany czas czytania\" \/>\n\t<meta name=\"twitter:data1\" content=\"3 minuty\" \/>\n<script type=\"application\/ld+json\" class=\"yoast-schema-graph\">{\"@context\":\"https:\\\/\\\/schema.org\",\"@graph\":[{\"@type\":\"WebPage\",\"@id\":\"https:\\\/\\\/skinsolution.pl\\\/for-professionals\\\/produkt\\\/jalupro-drink\\\/\",\"url\":\"https:\\\/\\\/skinsolution.pl\\\/for-professionals\\\/produkt\\\/jalupro-drink\\\/\",\"name\":\"JALUPRO\u00ae Drink (30 saszetek) | SkinSolution | For Professional\",\"isPartOf\":{\"@id\":\"https:\\\/\\\/skinsolution.pl\\\/for-professionals\\\/#website\"},\"primaryImageOfPage\":{\"@id\":\"https:\\\/\\\/skinsolution.pl\\\/for-professionals\\\/produkt\\\/jalupro-drink\\\/#primaryimage\"},\"image\":{\"@id\":\"https:\\\/\\\/skinsolution.pl\\\/for-professionals\\\/produkt\\\/jalupro-drink\\\/#primaryimage\"},\"thumbnailUrl\":\"https:\\\/\\\/skinsolution.pl\\\/for-professionals\\\/wp-content\\\/uploads\\\/sites\\\/5\\\/2025\\\/01\\\/Skin-Solution-1080-x-1350-px-2025-07-04T104548.279-1.png\",\"datePublished\":\"2025-01-07T19:16:07+00:00\",\"dateModified\":\"2026-04-22T12:33:49+00:00\",\"breadcrumb\":{\"@id\":\"https:\\\/\\\/skinsolution.pl\\\/for-professionals\\\/produkt\\\/jalupro-drink\\\/#breadcrumb\"},\"inLanguage\":\"pl-PL\",\"potentialAction\":[{\"@type\":\"ReadAction\",\"target\":[\"https:\\\/\\\/skinsolution.pl\\\/for-professionals\\\/produkt\\\/jalupro-drink\\\/\"]}]},{\"@type\":\"ImageObject\",\"inLanguage\":\"pl-PL\",\"@id\":\"https:\\\/\\\/skinsolution.pl\\\/for-professionals\\\/produkt\\\/jalupro-drink\\\/#primaryimage\",\"url\":\"https:\\\/\\\/skinsolution.pl\\\/for-professionals\\\/wp-content\\\/uploads\\\/sites\\\/5\\\/2025\\\/01\\\/Skin-Solution-1080-x-1350-px-2025-07-04T104548.279-1.png\",\"contentUrl\":\"https:\\\/\\\/skinsolution.pl\\\/for-professionals\\\/wp-content\\\/uploads\\\/sites\\\/5\\\/2025\\\/01\\\/Skin-Solution-1080-x-1350-px-2025-07-04T104548.279-1.png\",\"width\":1200,\"height\":1200},{\"@type\":\"BreadcrumbList\",\"@id\":\"https:\\\/\\\/skinsolution.pl\\\/for-professionals\\\/produkt\\\/jalupro-drink\\\/#breadcrumb\",\"itemListElement\":[{\"@type\":\"ListItem\",\"position\":1,\"name\":\"Strona g\u0142\u00f3wna\",\"item\":\"https:\\\/\\\/skinsolution.pl\\\/for-professionals\\\/\"},{\"@type\":\"ListItem\",\"position\":2,\"name\":\"Sklep\",\"item\":\"https:\\\/\\\/skinsolution.pl\\\/for-professionals\\\/sklep\\\/\"},{\"@type\":\"ListItem\",\"position\":3,\"name\":\"JALUPRO\u00ae Drink (30 saszetek)\"}]},{\"@type\":\"WebSite\",\"@id\":\"https:\\\/\\\/skinsolution.pl\\\/for-professionals\\\/#website\",\"url\":\"https:\\\/\\\/skinsolution.pl\\\/for-professionals\\\/\",\"name\":\"SkinSolution For Professionals\",\"description\":\"\",\"publisher\":{\"@id\":\"https:\\\/\\\/skinsolution.pl\\\/for-professionals\\\/#organization\"},\"potentialAction\":[{\"@type\":\"SearchAction\",\"target\":{\"@type\":\"EntryPoint\",\"urlTemplate\":\"https:\\\/\\\/skinsolution.pl\\\/for-professionals\\\/?s={search_term_string}\"},\"query-input\":{\"@type\":\"PropertyValueSpecification\",\"valueRequired\":true,\"valueName\":\"search_term_string\"}}],\"inLanguage\":\"pl-PL\"},{\"@type\":\"Organization\",\"@id\":\"https:\\\/\\\/skinsolution.pl\\\/for-professionals\\\/#organization\",\"name\":\"SkinSolution For Professionals\",\"url\":\"https:\\\/\\\/skinsolution.pl\\\/for-professionals\\\/\",\"logo\":{\"@type\":\"ImageObject\",\"inLanguage\":\"pl-PL\",\"@id\":\"https:\\\/\\\/skinsolution.pl\\\/for-professionals\\\/#\\\/schema\\\/logo\\\/image\\\/\",\"url\":\"https:\\\/\\\/skinsolution.pl\\\/for-professionals\\\/wp-content\\\/uploads\\\/sites\\\/5\\\/2025\\\/03\\\/SkinSolution_Black2.png\",\"contentUrl\":\"https:\\\/\\\/skinsolution.pl\\\/for-professionals\\\/wp-content\\\/uploads\\\/sites\\\/5\\\/2025\\\/03\\\/SkinSolution_Black2.png\",\"width\":512,\"height\":512,\"caption\":\"SkinSolution For Professionals\"},\"image\":{\"@id\":\"https:\\\/\\\/skinsolution.pl\\\/for-professionals\\\/#\\\/schema\\\/logo\\\/image\\\/\"}}]}<\/script>\n<!-- \/ Yoast SEO plugin. -->","yoast_head_json":{"title":"JALUPRO\u00ae Drink (30 saszetek) | SkinSolution | For Professional","robots":{"index":"index","follow":"follow","max-snippet":"max-snippet:-1","max-image-preview":"max-image-preview:large","max-video-preview":"max-video-preview:-1"},"canonical":"https:\/\/skinsolution.pl\/for-professionals\/produkt\/jalupro-drink\/","og_locale":"pl_PL","og_type":"article","og_title":"JALUPRO\u00ae Drink (30 saszetek) | SkinSolution | For Professional","og_description":"Suplement diety zawieraj\u0105cy wyj\u0105tkow\u0105 mieszank\u0119 aminokwas\u00f3w od\u017cywiaj\u0105cych wp\u0142ywaj\u0105cych na sk\u00f3r\u0119, w\u0142osy i paznokcie. Opakowanie zawiera miesi\u0119czn\u0105 kuracje aminokwasow\u0105, 30 saszetek - 1 saszetka dziennie. Polecany jako suplementacja oko\u0142ozabiegowa, zwi\u0119kszaj\u0105ca efektywno\u015b\u0107 dzia\u0142ania zabieg\u00f3w z zakresu medycyny estetycznej.","og_url":"https:\/\/skinsolution.pl\/for-professionals\/produkt\/jalupro-drink\/","og_site_name":"SkinSolution | For Professional","article_modified_time":"2026-04-22T12:33:49+00:00","og_image":[{"width":1200,"height":1200,"url":"https:\/\/skinsolution.pl\/for-professionals\/wp-content\/uploads\/sites\/5\/2025\/01\/Skin-Solution-1080-x-1350-px-2025-07-04T104548.279-1.png","type":"image\/png"}],"twitter_card":"summary_large_image","twitter_misc":{"Szacowany czas czytania":"3 minuty"},"schema":{"@context":"https:\/\/schema.org","@graph":[{"@type":"WebPage","@id":"https:\/\/skinsolution.pl\/for-professionals\/produkt\/jalupro-drink\/","url":"https:\/\/skinsolution.pl\/for-professionals\/produkt\/jalupro-drink\/","name":"JALUPRO\u00ae Drink (30 saszetek) | SkinSolution | For Professional","isPartOf":{"@id":"https:\/\/skinsolution.pl\/for-professionals\/#website"},"primaryImageOfPage":{"@id":"https:\/\/skinsolution.pl\/for-professionals\/produkt\/jalupro-drink\/#primaryimage"},"image":{"@id":"https:\/\/skinsolution.pl\/for-professionals\/produkt\/jalupro-drink\/#primaryimage"},"thumbnailUrl":"https:\/\/skinsolution.pl\/for-professionals\/wp-content\/uploads\/sites\/5\/2025\/01\/Skin-Solution-1080-x-1350-px-2025-07-04T104548.279-1.png","datePublished":"2025-01-07T19:16:07+00:00","dateModified":"2026-04-22T12:33:49+00:00","breadcrumb":{"@id":"https:\/\/skinsolution.pl\/for-professionals\/produkt\/jalupro-drink\/#breadcrumb"},"inLanguage":"pl-PL","potentialAction":[{"@type":"ReadAction","target":["https:\/\/skinsolution.pl\/for-professionals\/produkt\/jalupro-drink\/"]}]},{"@type":"ImageObject","inLanguage":"pl-PL","@id":"https:\/\/skinsolution.pl\/for-professionals\/produkt\/jalupro-drink\/#primaryimage","url":"https:\/\/skinsolution.pl\/for-professionals\/wp-content\/uploads\/sites\/5\/2025\/01\/Skin-Solution-1080-x-1350-px-2025-07-04T104548.279-1.png","contentUrl":"https:\/\/skinsolution.pl\/for-professionals\/wp-content\/uploads\/sites\/5\/2025\/01\/Skin-Solution-1080-x-1350-px-2025-07-04T104548.279-1.png","width":1200,"height":1200},{"@type":"BreadcrumbList","@id":"https:\/\/skinsolution.pl\/for-professionals\/produkt\/jalupro-drink\/#breadcrumb","itemListElement":[{"@type":"ListItem","position":1,"name":"Strona g\u0142\u00f3wna","item":"https:\/\/skinsolution.pl\/for-professionals\/"},{"@type":"ListItem","position":2,"name":"Sklep","item":"https:\/\/skinsolution.pl\/for-professionals\/sklep\/"},{"@type":"ListItem","position":3,"name":"JALUPRO\u00ae Drink (30 saszetek)"}]},{"@type":"WebSite","@id":"https:\/\/skinsolution.pl\/for-professionals\/#website","url":"https:\/\/skinsolution.pl\/for-professionals\/","name":"SkinSolution For Professionals","description":"","publisher":{"@id":"https:\/\/skinsolution.pl\/for-professionals\/#organization"},"potentialAction":[{"@type":"SearchAction","target":{"@type":"EntryPoint","urlTemplate":"https:\/\/skinsolution.pl\/for-professionals\/?s={search_term_string}"},"query-input":{"@type":"PropertyValueSpecification","valueRequired":true,"valueName":"search_term_string"}}],"inLanguage":"pl-PL"},{"@type":"Organization","@id":"https:\/\/skinsolution.pl\/for-professionals\/#organization","name":"SkinSolution For Professionals","url":"https:\/\/skinsolution.pl\/for-professionals\/","logo":{"@type":"ImageObject","inLanguage":"pl-PL","@id":"https:\/\/skinsolution.pl\/for-professionals\/#\/schema\/logo\/image\/","url":"https:\/\/skinsolution.pl\/for-professionals\/wp-content\/uploads\/sites\/5\/2025\/03\/SkinSolution_Black2.png","contentUrl":"https:\/\/skinsolution.pl\/for-professionals\/wp-content\/uploads\/sites\/5\/2025\/03\/SkinSolution_Black2.png","width":512,"height":512,"caption":"SkinSolution For Professionals"},"image":{"@id":"https:\/\/skinsolution.pl\/for-professionals\/#\/schema\/logo\/image\/"}}]}},"_links":{"self":[{"href":"https:\/\/skinsolution.pl\/for-professionals\/wp-json\/wp\/v2\/product\/3162","targetHints":{"allow":["GET"]}}],"collection":[{"href":"https:\/\/skinsolution.pl\/for-professionals\/wp-json\/wp\/v2\/product"}],"about":[{"href":"https:\/\/skinsolution.pl\/for-professionals\/wp-json\/wp\/v2\/types\/product"}],"replies":[{"embeddable":true,"href":"https:\/\/skinsolution.pl\/for-professionals\/wp-json\/wp\/v2\/comments?post=3162"}],"wp:featuredmedia":[{"embeddable":true,"href":"https:\/\/skinsolution.pl\/for-professionals\/wp-json\/wp\/v2\/media\/3453"}],"wp:attachment":[{"href":"https:\/\/skinsolution.pl\/for-professionals\/wp-json\/wp\/v2\/media?parent=3162"}],"wp:term":[{"taxonomy":"product_brand","embeddable":true,"href":"https:\/\/skinsolution.pl\/for-professionals\/wp-json\/wp\/v2\/product_brand?post=3162"},{"taxonomy":"product_cat","embeddable":true,"href":"https:\/\/skinsolution.pl\/for-professionals\/wp-json\/wp\/v2\/product_cat?post=3162"},{"taxonomy":"product_tag","embeddable":true,"href":"https:\/\/skinsolution.pl\/for-professionals\/wp-json\/wp\/v2\/product_tag?post=3162"}],"curies":[{"name":"wp","href":"https:\/\/api.w.org\/{rel}","templated":true}]}}