{"id":2132,"date":"2024-08-25T17:43:40","date_gmt":"2024-08-25T15:43:40","guid":{"rendered":"https:\/\/skinsolution.imperit.pl\/for-professionals\/produkt\/jalupro-classic\/"},"modified":"2026-04-27T09:42:21","modified_gmt":"2026-04-27T07:42:21","slug":"jalupro-classic","status":"publish","type":"product","link":"https:\/\/skinsolution.pl\/for-professionals\/produkt\/jalupro-classic\/","title":{"rendered":"JALUPRO\u00ae Classic"},"content":{"rendered":"<p>JALUPRO\u00ae Classic to wyr\u00f3b medyczny zawieraj\u0105cy opatentowan\u0105 formu\u0142\u0119, opart\u0105 na niskocz\u0105steczkowym kwasie hialuronowym i kompleksie 4 aminokwas\u00f3w, w \u015bci\u015ble okre\u015blonych proporcjach: glicyna, L-prolina, L-lizyna, L-leucyna. Kwas hialuronowy stymuluje sk\u00f3r\u0119 i g\u0142\u0119boko j\u0105 nawil\u017ca, a kompleks aminokwasowy stanowi \u201epo\u017cywienie\u201d dla fibroblast\u00f3w, dzi\u0119ki czemu mog\u0105 si\u0119 one prawid\u0142owo rozwija\u0107 i namna\u017ca\u0107, a tym samym wytwarza\u0107 nowe w\u0142\u00f3kna kolagenowe.<\/p>\n<p>Obszary zastosowania:<br \/>\n\u2022 Ca\u0142a twarz wraz z najdelikatniejsz\u0105 okolic\u0105 oczu (powieka g\u00f3rna, dolna, skronie)<br \/>\n\u2022 Szyja, dekolt, ramiona, okolice \u0142okcie<br \/>\n\u2022 Powierzchnia grzbietowa r\u0105k<br \/>\n\u2022 Brzuch, uda, okolice kolan<br \/>\n\u2022 Sk\u00f3ra ow\u0142osiona g\u0142owy w monoterapii lub w technice zaawansowanej w po\u0142\u0105czeniu z PRP<\/p>\n<p>Wskazania:<br \/>\n\u2022 Wiotko\u015b\u0107 sk\u00f3ry<br \/>\n\u2022 Delikatne zmarszczki<br \/>\n\u2022 Starzenie i fotostarzenie<br \/>\n\u2022 Sucho\u015b\u0107 sk\u00f3ry (delikatna i umiarkowana)<br \/>\n\u2022 Zasinienia, cienie, wiotko\u015b\u0107 w okolicy oczu<br \/>\n\u2022 Szaro\u015b\u0107, utrata blasku, zmiany pigmentacyjne<br \/>\n\u2022 Rozst\u0119py<br \/>\n\u2022 Blizny potr\u0105dzikowe i zanikowe<br \/>\n\u2022 Wypadanie w\u0142os\u00f3w, sucho\u015b\u0107, \u0142amliwo\u015b\u0107, utrata obj\u0119to\u015bci<\/p>\n<p>Uzyskane rezultaty:<br \/>\n\u2022 Lifting, uj\u0119drnienie, zag\u0119szczenie sk\u00f3ry<br \/>\n\u2022 Wyg\u0142adzenie drobnych zmarszczek<br \/>\n\u2022 Regeneracja, odbudowa i rewitalizacja sk\u00f3ry<br \/>\n\u2022 Przywr\u00f3cenie m\u0142odzie\u0144czego blasku i elastyczno\u015bci sk\u00f3ry<br \/>\n\u2022 Nawil\u017cenie powierzchniowych warstw sk\u00f3ry<br \/>\n\u2022 Redukcja cieni, zasinie\u0144 i zmarszczek wok\u00f3\u0142 oczu<br \/>\n\u2022 Niwelowanie rozst\u0119p\u00f3w<br \/>\n\u2022 Redukcja blizn potr\u0105dzikowych i zanikowych<br \/>\n\u2022 Zahamowanie procesu wypadania w\u0142os\u00f3w, przyspieszony ich wzrost, nawil\u017cenie, poprawa kondycji<\/p>\n<p>Pojemno\u015b\u0107:<br \/>\n\u2022 2 ampu\u0142ki, kt\u00f3re zawieraj\u0105 po 3 ml hialuronianu sodu o masie cz\u0105steczkowej 200 kDa<br \/>\n\u2022 2 fiolki, kt\u00f3re zawieraj\u0105 po 100 mg liofilizowanych aminokwas\u00f3w<\/p>\n<p>Sk\u0142ad:<br \/>\n\u2022 Glicyna 50 mg<br \/>\n\u2022 L-Prolina 37,5 mg<br \/>\n\u2022 L-Lizyna 5,5 mg<br \/>\n\u2022 L-Leucyna 7 mg<\/p>\n<p>Producent:<br \/>\nProfessional Derma<\/p>\n<p>Produkt przeznaczony wy\u0142\u0105cznie do u\u017cytku profesjonalnego.<br \/>\nKupuj\u0105c ten produkt, o\u015bwiadczasz, \u017ce jeste\u015b lekarzem przeszkolonym w zakresie medycyny estetycznej.<\/p>\n","protected":false},"excerpt":{"rendered":"<p>Wyr\u00f3b medyczny<\/p>\n<p>Regeneracja i rewitalizacja sk\u00f3ry z pierwszymi oznakami starzenia i fotostarzenia.<\/p>\n<p><strong>Korzy\u015bci zakupu od nas:<\/strong><\/p>\n<ul>\n<li>ORYGINALNY PRODUKT Z OFICJALNEJ DYSTRYBUCJI<\/li>\n<li>GWARANCJA I KNOW-HOW PRODUCENTA<\/li>\n<li>OPIEKA POSPRZEDA\u017bOWA<\/li>\n<li>WSPARCIE DYREKTORA MEDYCZNEGO<\/li>\n<li>WYSY\u0141KA W 24H<\/li>\n<\/ul>\n","protected":false},"featured_media":4031,"comment_status":"open","ping_status":"closed","template":"","meta":{"_acf_changed":false},"product_brand":[],"product_cat":[115],"product_tag":[],"class_list":{"0":"post-2132","1":"product","2":"type-product","3":"status-publish","4":"has-post-thumbnail","6":"product_cat-aminokwasowa-terapia-zastepcza","8":"first","9":"instock","10":"taxable","11":"shipping-taxable","12":"purchasable","13":"product-type-simple"},"acf":[],"yoast_head":"<!-- This site is optimized with the Yoast SEO plugin v27.4 - https:\/\/yoast.com\/product\/yoast-seo-wordpress\/ -->\n<title>JALUPRO\u00ae Classic | SkinSolution | For Professional<\/title>\n<meta name=\"robots\" content=\"index, follow, max-snippet:-1, max-image-preview:large, max-video-preview:-1\" \/>\n<link rel=\"canonical\" href=\"https:\/\/skinsolution.pl\/for-professionals\/produkt\/jalupro-classic\/\" \/>\n<meta property=\"og:locale\" content=\"pl_PL\" \/>\n<meta property=\"og:type\" content=\"article\" \/>\n<meta property=\"og:title\" content=\"JALUPRO\u00ae Classic | SkinSolution | For Professional\" \/>\n<meta property=\"og:description\" content=\"Wyr\u00f3b medyczny  Regeneracja i rewitalizacja sk\u00f3ry z pierwszymi oznakami starzenia i fotostarzenia.  Korzy\u015bci zakupu od nas:   ORYGINALNY PRODUKT Z OFICJALNEJ DYSTRYBUCJI  GWARANCJA I KNOW-HOW PRODUCENTA  OPIEKA POSPRZEDA\u017bOWA  WSPARCIE DYREKTORA MEDYCZNEGO  WYSY\u0141KA W 24H\" \/>\n<meta property=\"og:url\" content=\"https:\/\/skinsolution.pl\/for-professionals\/produkt\/jalupro-classic\/\" \/>\n<meta property=\"og:site_name\" content=\"SkinSolution | For Professional\" \/>\n<meta property=\"article:modified_time\" content=\"2026-04-27T07:42:21+00:00\" \/>\n<meta property=\"og:image\" content=\"https:\/\/skinsolution.pl\/for-professionals\/wp-content\/uploads\/sites\/5\/2024\/08\/Classic-1-1.png\" \/>\n\t<meta property=\"og:image:width\" content=\"2400\" \/>\n\t<meta property=\"og:image:height\" content=\"2400\" \/>\n\t<meta property=\"og:image:type\" content=\"image\/png\" \/>\n<meta name=\"twitter:card\" content=\"summary_large_image\" \/>\n<meta name=\"twitter:label1\" content=\"Szacowany czas czytania\" \/>\n\t<meta name=\"twitter:data1\" content=\"2 minuty\" \/>\n<script type=\"application\/ld+json\" class=\"yoast-schema-graph\">{\"@context\":\"https:\\\/\\\/schema.org\",\"@graph\":[{\"@type\":\"WebPage\",\"@id\":\"https:\\\/\\\/skinsolution.pl\\\/for-professionals\\\/produkt\\\/jalupro-classic\\\/\",\"url\":\"https:\\\/\\\/skinsolution.pl\\\/for-professionals\\\/produkt\\\/jalupro-classic\\\/\",\"name\":\"JALUPRO\u00ae Classic | SkinSolution | For Professional\",\"isPartOf\":{\"@id\":\"https:\\\/\\\/skinsolution.pl\\\/for-professionals\\\/#website\"},\"primaryImageOfPage\":{\"@id\":\"https:\\\/\\\/skinsolution.pl\\\/for-professionals\\\/produkt\\\/jalupro-classic\\\/#primaryimage\"},\"image\":{\"@id\":\"https:\\\/\\\/skinsolution.pl\\\/for-professionals\\\/produkt\\\/jalupro-classic\\\/#primaryimage\"},\"thumbnailUrl\":\"https:\\\/\\\/skinsolution.pl\\\/for-professionals\\\/wp-content\\\/uploads\\\/sites\\\/5\\\/2024\\\/08\\\/Classic-1-1.png\",\"datePublished\":\"2024-08-25T15:43:40+00:00\",\"dateModified\":\"2026-04-27T07:42:21+00:00\",\"breadcrumb\":{\"@id\":\"https:\\\/\\\/skinsolution.pl\\\/for-professionals\\\/produkt\\\/jalupro-classic\\\/#breadcrumb\"},\"inLanguage\":\"pl-PL\",\"potentialAction\":[{\"@type\":\"ReadAction\",\"target\":[\"https:\\\/\\\/skinsolution.pl\\\/for-professionals\\\/produkt\\\/jalupro-classic\\\/\"]}]},{\"@type\":\"ImageObject\",\"inLanguage\":\"pl-PL\",\"@id\":\"https:\\\/\\\/skinsolution.pl\\\/for-professionals\\\/produkt\\\/jalupro-classic\\\/#primaryimage\",\"url\":\"https:\\\/\\\/skinsolution.pl\\\/for-professionals\\\/wp-content\\\/uploads\\\/sites\\\/5\\\/2024\\\/08\\\/Classic-1-1.png\",\"contentUrl\":\"https:\\\/\\\/skinsolution.pl\\\/for-professionals\\\/wp-content\\\/uploads\\\/sites\\\/5\\\/2024\\\/08\\\/Classic-1-1.png\",\"width\":2400,\"height\":2400,\"caption\":\"Classic\"},{\"@type\":\"BreadcrumbList\",\"@id\":\"https:\\\/\\\/skinsolution.pl\\\/for-professionals\\\/produkt\\\/jalupro-classic\\\/#breadcrumb\",\"itemListElement\":[{\"@type\":\"ListItem\",\"position\":1,\"name\":\"Strona g\u0142\u00f3wna\",\"item\":\"https:\\\/\\\/skinsolution.pl\\\/for-professionals\\\/\"},{\"@type\":\"ListItem\",\"position\":2,\"name\":\"Sklep\",\"item\":\"https:\\\/\\\/skinsolution.pl\\\/for-professionals\\\/sklep\\\/\"},{\"@type\":\"ListItem\",\"position\":3,\"name\":\"JALUPRO\u00ae Classic\"}]},{\"@type\":\"WebSite\",\"@id\":\"https:\\\/\\\/skinsolution.pl\\\/for-professionals\\\/#website\",\"url\":\"https:\\\/\\\/skinsolution.pl\\\/for-professionals\\\/\",\"name\":\"SkinSolution For Professionals\",\"description\":\"\",\"publisher\":{\"@id\":\"https:\\\/\\\/skinsolution.pl\\\/for-professionals\\\/#organization\"},\"potentialAction\":[{\"@type\":\"SearchAction\",\"target\":{\"@type\":\"EntryPoint\",\"urlTemplate\":\"https:\\\/\\\/skinsolution.pl\\\/for-professionals\\\/?s={search_term_string}\"},\"query-input\":{\"@type\":\"PropertyValueSpecification\",\"valueRequired\":true,\"valueName\":\"search_term_string\"}}],\"inLanguage\":\"pl-PL\"},{\"@type\":\"Organization\",\"@id\":\"https:\\\/\\\/skinsolution.pl\\\/for-professionals\\\/#organization\",\"name\":\"SkinSolution For Professionals\",\"url\":\"https:\\\/\\\/skinsolution.pl\\\/for-professionals\\\/\",\"logo\":{\"@type\":\"ImageObject\",\"inLanguage\":\"pl-PL\",\"@id\":\"https:\\\/\\\/skinsolution.pl\\\/for-professionals\\\/#\\\/schema\\\/logo\\\/image\\\/\",\"url\":\"https:\\\/\\\/skinsolution.pl\\\/for-professionals\\\/wp-content\\\/uploads\\\/sites\\\/5\\\/2025\\\/03\\\/SkinSolution_Black2.png\",\"contentUrl\":\"https:\\\/\\\/skinsolution.pl\\\/for-professionals\\\/wp-content\\\/uploads\\\/sites\\\/5\\\/2025\\\/03\\\/SkinSolution_Black2.png\",\"width\":512,\"height\":512,\"caption\":\"SkinSolution For Professionals\"},\"image\":{\"@id\":\"https:\\\/\\\/skinsolution.pl\\\/for-professionals\\\/#\\\/schema\\\/logo\\\/image\\\/\"}}]}<\/script>\n<!-- \/ Yoast SEO plugin. -->","yoast_head_json":{"title":"JALUPRO\u00ae Classic | SkinSolution | For Professional","robots":{"index":"index","follow":"follow","max-snippet":"max-snippet:-1","max-image-preview":"max-image-preview:large","max-video-preview":"max-video-preview:-1"},"canonical":"https:\/\/skinsolution.pl\/for-professionals\/produkt\/jalupro-classic\/","og_locale":"pl_PL","og_type":"article","og_title":"JALUPRO\u00ae Classic | SkinSolution | For Professional","og_description":"Wyr\u00f3b medyczny  Regeneracja i rewitalizacja sk\u00f3ry z pierwszymi oznakami starzenia i fotostarzenia.  Korzy\u015bci zakupu od nas:   ORYGINALNY PRODUKT Z OFICJALNEJ DYSTRYBUCJI  GWARANCJA I KNOW-HOW PRODUCENTA  OPIEKA POSPRZEDA\u017bOWA  WSPARCIE DYREKTORA MEDYCZNEGO  WYSY\u0141KA W 24H","og_url":"https:\/\/skinsolution.pl\/for-professionals\/produkt\/jalupro-classic\/","og_site_name":"SkinSolution | For Professional","article_modified_time":"2026-04-27T07:42:21+00:00","og_image":[{"width":2400,"height":2400,"url":"https:\/\/skinsolution.pl\/for-professionals\/wp-content\/uploads\/sites\/5\/2024\/08\/Classic-1-1.png","type":"image\/png"}],"twitter_card":"summary_large_image","twitter_misc":{"Szacowany czas czytania":"2 minuty"},"schema":{"@context":"https:\/\/schema.org","@graph":[{"@type":"WebPage","@id":"https:\/\/skinsolution.pl\/for-professionals\/produkt\/jalupro-classic\/","url":"https:\/\/skinsolution.pl\/for-professionals\/produkt\/jalupro-classic\/","name":"JALUPRO\u00ae Classic | SkinSolution | For Professional","isPartOf":{"@id":"https:\/\/skinsolution.pl\/for-professionals\/#website"},"primaryImageOfPage":{"@id":"https:\/\/skinsolution.pl\/for-professionals\/produkt\/jalupro-classic\/#primaryimage"},"image":{"@id":"https:\/\/skinsolution.pl\/for-professionals\/produkt\/jalupro-classic\/#primaryimage"},"thumbnailUrl":"https:\/\/skinsolution.pl\/for-professionals\/wp-content\/uploads\/sites\/5\/2024\/08\/Classic-1-1.png","datePublished":"2024-08-25T15:43:40+00:00","dateModified":"2026-04-27T07:42:21+00:00","breadcrumb":{"@id":"https:\/\/skinsolution.pl\/for-professionals\/produkt\/jalupro-classic\/#breadcrumb"},"inLanguage":"pl-PL","potentialAction":[{"@type":"ReadAction","target":["https:\/\/skinsolution.pl\/for-professionals\/produkt\/jalupro-classic\/"]}]},{"@type":"ImageObject","inLanguage":"pl-PL","@id":"https:\/\/skinsolution.pl\/for-professionals\/produkt\/jalupro-classic\/#primaryimage","url":"https:\/\/skinsolution.pl\/for-professionals\/wp-content\/uploads\/sites\/5\/2024\/08\/Classic-1-1.png","contentUrl":"https:\/\/skinsolution.pl\/for-professionals\/wp-content\/uploads\/sites\/5\/2024\/08\/Classic-1-1.png","width":2400,"height":2400,"caption":"Classic"},{"@type":"BreadcrumbList","@id":"https:\/\/skinsolution.pl\/for-professionals\/produkt\/jalupro-classic\/#breadcrumb","itemListElement":[{"@type":"ListItem","position":1,"name":"Strona g\u0142\u00f3wna","item":"https:\/\/skinsolution.pl\/for-professionals\/"},{"@type":"ListItem","position":2,"name":"Sklep","item":"https:\/\/skinsolution.pl\/for-professionals\/sklep\/"},{"@type":"ListItem","position":3,"name":"JALUPRO\u00ae Classic"}]},{"@type":"WebSite","@id":"https:\/\/skinsolution.pl\/for-professionals\/#website","url":"https:\/\/skinsolution.pl\/for-professionals\/","name":"SkinSolution For Professionals","description":"","publisher":{"@id":"https:\/\/skinsolution.pl\/for-professionals\/#organization"},"potentialAction":[{"@type":"SearchAction","target":{"@type":"EntryPoint","urlTemplate":"https:\/\/skinsolution.pl\/for-professionals\/?s={search_term_string}"},"query-input":{"@type":"PropertyValueSpecification","valueRequired":true,"valueName":"search_term_string"}}],"inLanguage":"pl-PL"},{"@type":"Organization","@id":"https:\/\/skinsolution.pl\/for-professionals\/#organization","name":"SkinSolution For Professionals","url":"https:\/\/skinsolution.pl\/for-professionals\/","logo":{"@type":"ImageObject","inLanguage":"pl-PL","@id":"https:\/\/skinsolution.pl\/for-professionals\/#\/schema\/logo\/image\/","url":"https:\/\/skinsolution.pl\/for-professionals\/wp-content\/uploads\/sites\/5\/2025\/03\/SkinSolution_Black2.png","contentUrl":"https:\/\/skinsolution.pl\/for-professionals\/wp-content\/uploads\/sites\/5\/2025\/03\/SkinSolution_Black2.png","width":512,"height":512,"caption":"SkinSolution For Professionals"},"image":{"@id":"https:\/\/skinsolution.pl\/for-professionals\/#\/schema\/logo\/image\/"}}]}},"_links":{"self":[{"href":"https:\/\/skinsolution.pl\/for-professionals\/wp-json\/wp\/v2\/product\/2132","targetHints":{"allow":["GET"]}}],"collection":[{"href":"https:\/\/skinsolution.pl\/for-professionals\/wp-json\/wp\/v2\/product"}],"about":[{"href":"https:\/\/skinsolution.pl\/for-professionals\/wp-json\/wp\/v2\/types\/product"}],"replies":[{"embeddable":true,"href":"https:\/\/skinsolution.pl\/for-professionals\/wp-json\/wp\/v2\/comments?post=2132"}],"wp:featuredmedia":[{"embeddable":true,"href":"https:\/\/skinsolution.pl\/for-professionals\/wp-json\/wp\/v2\/media\/4031"}],"wp:attachment":[{"href":"https:\/\/skinsolution.pl\/for-professionals\/wp-json\/wp\/v2\/media?parent=2132"}],"wp:term":[{"taxonomy":"product_brand","embeddable":true,"href":"https:\/\/skinsolution.pl\/for-professionals\/wp-json\/wp\/v2\/product_brand?post=2132"},{"taxonomy":"product_cat","embeddable":true,"href":"https:\/\/skinsolution.pl\/for-professionals\/wp-json\/wp\/v2\/product_cat?post=2132"},{"taxonomy":"product_tag","embeddable":true,"href":"https:\/\/skinsolution.pl\/for-professionals\/wp-json\/wp\/v2\/product_tag?post=2132"}],"curies":[{"name":"wp","href":"https:\/\/api.w.org\/{rel}","templated":true}]}}